{"id":233,"date":"2026-01-06T00:18:12","date_gmt":"2026-01-06T03:18:12","guid":{"rendered":"http:\/\/opcaocsl.com.br\/?page_id=233"},"modified":"2026-01-08T16:51:57","modified_gmt":"2026-01-08T19:51:57","slug":"contato","status":"publish","type":"page","link":"http:\/\/opcaocsl.com.br\/?page_id=233","title":{"rendered":"Contato"},"content":{"rendered":"\t\t<div data-elementor-type=\"wp-page\" data-elementor-id=\"233\" class=\"elementor elementor-233\">\n\t\t\t\t<div class=\"elementor-element elementor-element-37d72d0 e-flex e-con-boxed wpr-particle-no wpr-jarallax-no wpr-parallax-no wpr-sticky-section-no e-con e-parent\" data-id=\"37d72d0\" data-element_type=\"container\">\n\t\t\t\t\t<div class=\"e-con-inner\">\n\t\t\t\t<div class=\"elementor-element elementor-element-d20c139 elementor-widget elementor-widget-image\" data-id=\"d20c139\" data-element_type=\"widget\" data-widget_type=\"image.default\">\n\t\t\t\t\t\t\t\t\t\t\t\t\t\t\t<img decoding=\"async\" src=\"https:\/\/opcaocsl.com.br\/wp-content\/uploads\/2026\/01\/WhatsApp-Image-2025-12-19-at-08.31.08-1.jpeg\" title=\"WhatsApp Image 2025-12-19 at 08.31.08\" alt=\"WhatsApp Image 2025-12-19 at 08.31.08\" loading=\"lazy\" \/>\t\t\t\t\t\t\t\t\t\t\t\t\t\t\t<\/div>\n\t\t\t\t<div class=\"elementor-element elementor-element-82fbc93 elementor-widget elementor-widget-heading\" data-id=\"82fbc93\" data-element_type=\"widget\" data-widget_type=\"heading.default\">\n\t\t\t\t\t<h2 class=\"elementor-heading-title elementor-size-default\">Contato:<\/h2>\t\t\t\t<\/div>\n\t\t\t\t\t<\/div>\n\t\t\t\t<\/div>\n\t\t<div class=\"elementor-element elementor-element-9471239 e-flex e-con-boxed wpr-particle-no wpr-jarallax-no wpr-parallax-no wpr-sticky-section-no e-con e-parent\" data-id=\"9471239\" data-element_type=\"container\">\n\t\t\t\t\t<div class=\"e-con-inner\">\n\t\t<div class=\"elementor-element elementor-element-eca6eee e-con-full e-flex wpr-particle-no wpr-jarallax-no wpr-parallax-no wpr-sticky-section-no e-con e-child\" data-id=\"eca6eee\" data-element_type=\"container\">\n\t\t\t\t<div class=\"elementor-element elementor-element-b5bc4d2 elementor-widget elementor-widget-google_maps\" data-id=\"b5bc4d2\" data-element_type=\"widget\" data-widget_type=\"google_maps.default\">\n\t\t\t\t\t\t\t<div class=\"elementor-custom-embed\">\n\t\t\t<iframe loading=\"lazy\"\n\t\t\t\t\tsrc=\"https:\/\/maps.google.com\/maps?q=op%C3%A7ao%20csl&#038;t=m&#038;z=16&#038;output=embed&#038;iwloc=near\"\n\t\t\t\t\ttitle=\"op\u00e7ao csl\"\n\t\t\t\t\taria-label=\"op\u00e7ao csl\"\n\t\t\t><\/iframe>\n\t\t<\/div>\n\t\t\t\t\t\t<\/div>\n\t\t\t\t<\/div>\n\t\t<div class=\"elementor-element elementor-element-1799294 e-con-full e-flex wpr-particle-no wpr-jarallax-no wpr-parallax-no wpr-sticky-section-no e-con e-child\" data-id=\"1799294\" data-element_type=\"container\">\n\t\t\t\t<div class=\"elementor-element elementor-element-4244419 elementor-widget elementor-widget-text-editor\" data-id=\"4244419\" data-element_type=\"widget\" data-widget_type=\"text-editor.default\">\n\t\t\t\t\t\t\t\t\t<p data-path-to-node=\"41\"><span data-path-to-node=\"41,0\"><b data-path-to-node=\"41,0\" data-index-in-node=\"0\">Endere\u00e7o:<\/b> Rua Vicente de Lima Cleto, N\u00ba 385, Nova Cidade, S\u00e3o Gon\u00e7alo &#8211; RJ, CEP 24.455-000<\/span><span data-path-to-node=\"41,2\">.\u00a0<\/span><\/p><p data-path-to-node=\"41\"><span data-path-to-node=\"41,4\"><b data-path-to-node=\"41,4\" data-index-in-node=\"0\">Telefones:<\/b> (21) 2604-8020 \/ (21) 96906-1309<\/span><span data-path-to-node=\"41,6\">.\u00a0<\/span><\/p><p data-path-to-node=\"41\"><span data-path-to-node=\"41,6\"><b data-path-to-node=\"41,6\" data-index-in-node=\"2\">E-mails:<\/b><\/span><span style=\"background-color: transparent;\">: contato.opcaocsl@gmail.com \/ comercial.opcaocsl@gmail.com<\/span><\/p><p data-path-to-node=\"41\"><b style=\"background-color: transparent;\" data-path-to-node=\"42,1,0,3\" data-index-in-node=\"1\">Dados Fiscais:<\/b><\/p><p data-path-to-node=\"41\"><span style=\"background-color: transparent;\">CNPJ: 31.309.364\/0001-81<\/span><\/p><p data-path-to-node=\"41\"><span style=\"background-color: transparent;\">Inscri\u00e7\u00e3o Estadual: 11.226.612<\/span><\/p><p data-path-to-node=\"41\"><span style=\"background-color: transparent;\">Inscri\u00e7\u00e3o Municipal: 134.99<\/span><\/p>\t\t\t\t\t\t\t\t<\/div>\n\t\t\t\t<\/div>\n\t\t\t\t\t<\/div>\n\t\t\t\t<\/div>\n\t\t\t\t<\/div>\n\t\t","protected":false},"excerpt":{"rendered":"<p>Contato: Endere\u00e7o: Rua Vicente de Lima Cleto, N\u00ba 385, Nova Cidade, S\u00e3o Gon\u00e7alo &#8211; RJ, CEP 24.455-000.\u00a0 Telefones: (21) 2604-8020 \/ (21) 96906-1309.\u00a0 E-mails:: contato.opcaocsl@gmail.com \/ comercial.opcaocsl@gmail.com Dados Fiscais: CNPJ: 31.309.364\/0001-81 Inscri\u00e7\u00e3o Estadual: 11.226.612 Inscri\u00e7\u00e3o Municipal: 134.99<\/p>\n","protected":false},"author":1,"featured_media":0,"parent":0,"menu_order":0,"comment_status":"closed","ping_status":"closed","template":"","meta":{"_vp_format_video_url":"","_vp_image_focal_point":[],"footnotes":""},"class_list":["post-233","page","type-page","status-publish","hentry"],"_links":{"self":[{"href":"http:\/\/opcaocsl.com.br\/index.php?rest_route=\/wp\/v2\/pages\/233","targetHints":{"allow":["GET"]}}],"collection":[{"href":"http:\/\/opcaocsl.com.br\/index.php?rest_route=\/wp\/v2\/pages"}],"about":[{"href":"http:\/\/opcaocsl.com.br\/index.php?rest_route=\/wp\/v2\/types\/page"}],"author":[{"embeddable":true,"href":"http:\/\/opcaocsl.com.br\/index.php?rest_route=\/wp\/v2\/users\/1"}],"replies":[{"embeddable":true,"href":"http:\/\/opcaocsl.com.br\/index.php?rest_route=%2Fwp%2Fv2%2Fcomments&post=233"}],"version-history":[{"count":4,"href":"http:\/\/opcaocsl.com.br\/index.php?rest_route=\/wp\/v2\/pages\/233\/revisions"}],"predecessor-version":[{"id":323,"href":"http:\/\/opcaocsl.com.br\/index.php?rest_route=\/wp\/v2\/pages\/233\/revisions\/323"}],"wp:attachment":[{"href":"http:\/\/opcaocsl.com.br\/index.php?rest_route=%2Fwp%2Fv2%2Fmedia&parent=233"}],"curies":[{"name":"wp","href":"https:\/\/api.w.org\/{rel}","templated":true}]}}